{"id":2821,"date":"2023-09-07T16:27:05","date_gmt":"2023-09-07T14:27:05","guid":{"rendered":"https:\/\/characapilar.com\/home\/"},"modified":"2025-09-19T22:58:11","modified_gmt":"2025-09-19T20:58:11","slug":"home","status":"publish","type":"page","link":"https:\/\/characapilar.com\/ca\/","title":{"rendered":"Home"},"content":{"rendered":"&#13;\n<p>Aquesta \u00e9s una p\u00e0gina d\\&#8217;exemple. \u00c9s diferent a una entrada del bloc perqu\u00e8 romandr\u00e0 en un sol lloc i apareixer\u00e0 a la navegaci\u00f3 del teu lloc (en la majoria dels temes). La majoria de persones comencen amb una p\u00e0gina &#8220;Sobre&#8221; que presenta als visitants potencials del lloc. Podries dir una cosa aix\u00ed:<\/p>&#13;\n&#13;\n<blockquote class=\"wp-block-quote is-layout-flow wp-block-quote-is-layout-flow\">&#13;\n<p>\u00abHola! S\u00f3c cambrer de dia, aspirant a actor de nit i aquesta \u00e9s la meva web. Visc a Mairena de l&#8217;Alcor, tinc un gos que es diu Firulais i m&#8217;agrada el rebujito. (I les tardes llargues amb caf\u00e8).<\/p>&#13;\n<\/blockquote>&#13;\n&#13;\n<p>\u2026o una cosa aix\u00ed:<\/p>&#13;\n&#13;\n<blockquote class=\"wp-block-quote is-layout-flow wp-block-quote-is-layout-flow\">&#13;\n<p>L&#8217;empresa \u00abMariscos Recio\u00bb va ser fundada per Antonio Recio Mata. Va comen\u00e7ar sent una petita empresa que subministrava marisc a hotels i restaurants, per\u00f2 a poc a poc s&#8217;ha anat transformant en un gran imperi. Mariscos Recio, el mar al millor preu.<\/p>&#13;\n<\/blockquote>&#13;\n&#13;\n<p>Com a nou usuari de WordPress, hauries d&#8217;anar a <a href=\"http:\/\/characapilar.com\/wp-admin\/\">el teu escriptori<\/a> per esborrar aquesta p\u00e0gina i crear noves p\u00e0gines per al vostre contingut. Passa-ho b\u00e9!<\/p>&#13;\n","protected":false},"excerpt":{"rendered":"<p>&#13; Aquesta \u00e9s una p\u00e0gina d\\&#8217;exemple. \u00c9s diferent a una entrada del bloc perqu\u00e8 romandr\u00e0 en un sol lloc i apareixer\u00e0 a la navegaci\u00f3 del teu lloc (en la majoria dels temes). La majoria de persones comencen amb una p\u00e0gina &#8220;Sobre&#8221; que presenta als visitants potencials del lloc. Podries dir una cosa aix\u00ed: &#13; &#13; [&hellip;]<\/p>\n","protected":false},"author":1,"featured_media":0,"parent":0,"menu_order":0,"comment_status":"closed","ping_status":"closed","template":"template-modular.php","meta":{"footnotes":""},"class_list":["post-2821","page","type-page","status-publish","hentry"],"yoast_head":"<!-- This site is optimized with the Yoast SEO plugin v25.8 - https:\/\/yoast.com\/wordpress\/plugins\/seo\/ -->\n<title>Empelt Capil\u00b7lar Barcelona - Dr. Joel Chara<\/title>\n<meta name=\"description\" content=\"Especialitzats en les t\u00e8cniques m\u00e9s innovadores en empelt capil\u00b7lar FUE i tractaments d&#039;alop\u00e8cia. La teva cl\u00ednica capil\u00b7lar barcelona a Barcelona.\" \/>\n<meta name=\"robots\" content=\"index, follow, max-snippet:-1, max-image-preview:large, max-video-preview:-1\" \/>\n<link rel=\"canonical\" href=\"https:\/\/characapilar.com\/ca\/\" \/>\n<meta property=\"og:locale\" content=\"ca_ES\" \/>\n<meta property=\"og:type\" content=\"article\" \/>\n<meta property=\"og:title\" content=\"Empelt Capil\u00b7lar Barcelona - Dr. Joel Chara\" \/>\n<meta property=\"og:description\" content=\"Especialitzats en les t\u00e8cniques m\u00e9s innovadores en empelt capil\u00b7lar FUE i tractaments d&#039;alop\u00e8cia. La teva cl\u00ednica capil\u00b7lar barcelona a Barcelona.\" \/>\n<meta property=\"og:url\" content=\"https:\/\/characapilar.com\/ca\/\" \/>\n<meta property=\"og:site_name\" content=\"Dr. Joel Chara\" \/>\n<meta property=\"article:modified_time\" content=\"2025-09-19T20:58:11+00:00\" \/>\n<meta name=\"twitter:card\" content=\"summary_large_image\" \/>\n<script type=\"application\/ld+json\" class=\"yoast-schema-graph\">{\"@context\":\"https:\/\/schema.org\",\"@graph\":[{\"@type\":\"WebPage\",\"@id\":\"https:\/\/characapilar.com\/ca\/\",\"url\":\"https:\/\/characapilar.com\/ca\/\",\"name\":\"Empelt Capil\u00b7lar Barcelona - Dr. Joel Chara\",\"isPartOf\":{\"@id\":\"https:\/\/characapilar.com\/ca\/#website\"},\"datePublished\":\"2023-09-07T14:27:05+00:00\",\"dateModified\":\"2025-09-19T20:58:11+00:00\",\"description\":\"Especialitzats en les t\u00e8cniques m\u00e9s innovadores en empelt capil\u00b7lar FUE i tractaments d'alop\u00e8cia. La teva cl\u00ednica capil\u00b7lar barcelona a Barcelona.\",\"breadcrumb\":{\"@id\":\"https:\/\/characapilar.com\/ca\/#breadcrumb\"},\"inLanguage\":\"ca\",\"potentialAction\":[{\"@type\":\"ReadAction\",\"target\":[\"https:\/\/characapilar.com\/ca\/\"]}]},{\"@type\":\"BreadcrumbList\",\"@id\":\"https:\/\/characapilar.com\/ca\/#breadcrumb\",\"itemListElement\":[{\"@type\":\"ListItem\",\"position\":1,\"name\":\"Home\",\"item\":\"https:\/\/characapilar.com\/ca\/\"},{\"@type\":\"ListItem\",\"position\":2,\"name\":\"Home\"}]},{\"@type\":\"WebSite\",\"@id\":\"https:\/\/characapilar.com\/ca\/#website\",\"url\":\"https:\/\/characapilar.com\/ca\/\",\"name\":\"Dr. Joel Chara\",\"description\":\"Injerto capilar en Barcelona\",\"potentialAction\":[{\"@type\":\"SearchAction\",\"target\":{\"@type\":\"EntryPoint\",\"urlTemplate\":\"https:\/\/characapilar.com\/ca\/?s={search_term_string}\"},\"query-input\":{\"@type\":\"PropertyValueSpecification\",\"valueRequired\":true,\"valueName\":\"search_term_string\"}}],\"inLanguage\":\"ca\"}]}<\/script>\n<!-- \/ Yoast SEO plugin. -->","yoast_head_json":{"title":"Empelt Capil\u00b7lar Barcelona - Dr. Joel Chara","description":"Especialitzats en les t\u00e8cniques m\u00e9s innovadores en empelt capil\u00b7lar FUE i tractaments d'alop\u00e8cia. La teva cl\u00ednica capil\u00b7lar barcelona a Barcelona.","robots":{"index":"index","follow":"follow","max-snippet":"max-snippet:-1","max-image-preview":"max-image-preview:large","max-video-preview":"max-video-preview:-1"},"canonical":"https:\/\/characapilar.com\/ca\/","og_locale":"ca_ES","og_type":"article","og_title":"Empelt Capil\u00b7lar Barcelona - Dr. Joel Chara","og_description":"Especialitzats en les t\u00e8cniques m\u00e9s innovadores en empelt capil\u00b7lar FUE i tractaments d'alop\u00e8cia. La teva cl\u00ednica capil\u00b7lar barcelona a Barcelona.","og_url":"https:\/\/characapilar.com\/ca\/","og_site_name":"Dr. Joel Chara","article_modified_time":"2025-09-19T20:58:11+00:00","twitter_card":"summary_large_image","schema":{"@context":"https:\/\/schema.org","@graph":[{"@type":"WebPage","@id":"https:\/\/characapilar.com\/ca\/","url":"https:\/\/characapilar.com\/ca\/","name":"Empelt Capil\u00b7lar Barcelona - Dr. Joel Chara","isPartOf":{"@id":"https:\/\/characapilar.com\/ca\/#website"},"datePublished":"2023-09-07T14:27:05+00:00","dateModified":"2025-09-19T20:58:11+00:00","description":"Especialitzats en les t\u00e8cniques m\u00e9s innovadores en empelt capil\u00b7lar FUE i tractaments d'alop\u00e8cia. La teva cl\u00ednica capil\u00b7lar barcelona a Barcelona.","breadcrumb":{"@id":"https:\/\/characapilar.com\/ca\/#breadcrumb"},"inLanguage":"ca","potentialAction":[{"@type":"ReadAction","target":["https:\/\/characapilar.com\/ca\/"]}]},{"@type":"BreadcrumbList","@id":"https:\/\/characapilar.com\/ca\/#breadcrumb","itemListElement":[{"@type":"ListItem","position":1,"name":"Home","item":"https:\/\/characapilar.com\/ca\/"},{"@type":"ListItem","position":2,"name":"Home"}]},{"@type":"WebSite","@id":"https:\/\/characapilar.com\/ca\/#website","url":"https:\/\/characapilar.com\/ca\/","name":"Dr. Joel Chara","description":"Injerto capilar en Barcelona","potentialAction":[{"@type":"SearchAction","target":{"@type":"EntryPoint","urlTemplate":"https:\/\/characapilar.com\/ca\/?s={search_term_string}"},"query-input":{"@type":"PropertyValueSpecification","valueRequired":true,"valueName":"search_term_string"}}],"inLanguage":"ca"}]}},"_links":{"self":[{"href":"https:\/\/characapilar.com\/ca\/wp-json\/wp\/v2\/pages\/2821","targetHints":{"allow":["GET"]}}],"collection":[{"href":"https:\/\/characapilar.com\/ca\/wp-json\/wp\/v2\/pages"}],"about":[{"href":"https:\/\/characapilar.com\/ca\/wp-json\/wp\/v2\/types\/page"}],"author":[{"embeddable":true,"href":"https:\/\/characapilar.com\/ca\/wp-json\/wp\/v2\/users\/1"}],"replies":[{"embeddable":true,"href":"https:\/\/characapilar.com\/ca\/wp-json\/wp\/v2\/comments?post=2821"}],"version-history":[{"count":3,"href":"https:\/\/characapilar.com\/ca\/wp-json\/wp\/v2\/pages\/2821\/revisions"}],"predecessor-version":[{"id":2839,"href":"https:\/\/characapilar.com\/ca\/wp-json\/wp\/v2\/pages\/2821\/revisions\/2839"}],"wp:attachment":[{"href":"https:\/\/characapilar.com\/ca\/wp-json\/wp\/v2\/media?parent=2821"}],"curies":[{"name":"wp","href":"https:\/\/api.w.org\/{rel}","templated":true}]}}

&#13;
<p>Aquesta és una pàgina d\&#8217;exemple. És diferent a una entrada del bloc perquè romandrà en un sol lloc i apareixerà a la navegació del teu lloc (en la majoria dels temes). La majoria de persones comencen amb una pàgina &#8220;Sobre&#8221; que presenta als visitants potencials del lloc. Podries dir una cosa així:</p>&#13;
&#13;
<blockquote class="wp-block-quote is-layout-flow wp-block-quote-is-layout-flow">&#13;
<p>«Hola! Sóc cambrer de dia, aspirant a actor de nit i aquesta és la meva web. Visc a Mairena de l&#8217;Alcor, tinc un gos que es diu Firulais i m&#8217;agrada el rebujito. (I les tardes llargues amb cafè).</p>&#13;
</blockquote>&#13;
&#13;
<p>…o una cosa així:</p>&#13;
&#13;
<blockquote class="wp-block-quote is-layout-flow wp-block-quote-is-layout-flow">&#13;
<p>L&#8217;empresa «Mariscos Recio» va ser fundada per Antonio Recio Mata. Va començar sent una petita empresa que subministrava marisc a hotels i restaurants, però a poc a poc s&#8217;ha anat transformant en un gran imperi. Mariscos Recio, el mar al millor preu.</p>&#13;
</blockquote>&#13;
&#13;
<p>Com a nou usuari de WordPress, hauries d&#8217;anar a <a href="http://characapilar.com/wp-admin/">el teu escriptori</a> per esborrar aquesta pàgina i crear noves pàgines per al vostre contingut. Passa-ho bé!</p>&#13;

<p>&#13; Aquesta és una pàgina d\&#8217;exemple. És diferent a una entrada del bloc perquè romandrà en un sol lloc i apareixerà a la navegació del teu lloc (en la majoria dels temes). La majoria de persones comencen amb una pàgina &#8220;Sobre&#8221; que presenta als visitants potencials del lloc. Podries dir una cosa així: &#13; &#13; [&hellip;]</p>

<!-- This site is optimized with the Yoast SEO plugin v25.8 - https://yoast.com/wordpress/plugins/seo/ -->
<title>Empelt Capil·lar Barcelona - Dr. Joel Chara</title>
<meta name="description" content="Especialitzats en les tècniques més innovadores en empelt capil·lar FUE i tractaments d&#039;alopècia. La teva clínica capil·lar barcelona a Barcelona." />
<meta name="robots" content="index, follow, max-snippet:-1, max-image-preview:large, max-video-preview:-1" />
<link rel="canonical" href="https://characapilar.com/ca/" />
<meta property="og:locale" content="ca_ES" />
<meta property="og:type" content="article" />
<meta property="og:title" content="Empelt Capil·lar Barcelona - Dr. Joel Chara" />
<meta property="og:description" content="Especialitzats en les tècniques més innovadores en empelt capil·lar FUE i tractaments d&#039;alopècia. La teva clínica capil·lar barcelona a Barcelona." />
<meta property="og:url" content="https://characapilar.com/ca/" />
<meta property="og:site_name" content="Dr. Joel Chara" />
<meta property="article:modified_time" content="2025-09-19T20:58:11+00:00" />
<meta name="twitter:card" content="summary_large_image" />
<script type="application/ld+json" class="yoast-schema-graph">{"@context":"https://schema.org","@graph":[{"@type":"WebPage","@id":"https://characapilar.com/ca/","url":"https://characapilar.com/ca/","name":"Empelt Capil·lar Barcelona - Dr. Joel Chara","isPartOf":{"@id":"https://characapilar.com/ca/#website"},"datePublished":"2023-09-07T14:27:05+00:00","dateModified":"2025-09-19T20:58:11+00:00","description":"Especialitzats en les tècniques més innovadores en empelt capil·lar FUE i tractaments d'alopècia. La teva clínica capil·lar barcelona a Barcelona.","breadcrumb":{"@id":"https://characapilar.com/ca/#breadcrumb"},"inLanguage":"ca","potentialAction":[{"@type":"ReadAction","target":["https://characapilar.com/ca/"]}]},{"@type":"BreadcrumbList","@id":"https://characapilar.com/ca/#breadcrumb","itemListElement":[{"@type":"ListItem","position":1,"name":"Home","item":"https://characapilar.com/ca/"},{"@type":"ListItem","position":2,"name":"Home"}]},{"@type":"WebSite","@id":"https://characapilar.com/ca/#website","url":"https://characapilar.com/ca/","name":"Dr. Joel Chara","description":"Injerto capilar en Barcelona","potentialAction":[{"@type":"SearchAction","target":{"@type":"EntryPoint","urlTemplate":"https://characapilar.com/ca/?s={search_term_string}"},"query-input":{"@type":"PropertyValueSpecification","valueRequired":true,"valueName":"search_term_string"}}],"inLanguage":"ca"}]}</script>
<!-- / Yoast SEO plugin. -->

Especialitzats en les tècniques més innovadores en empelt capil·lar FUE i tractaments d'alopècia. La teva clínica capil·lar barcelona a Barcelona.
