{"id":2788,"date":"2023-11-05T11:25:09","date_gmt":"2023-11-05T10:25:09","guid":{"rendered":"https:\/\/characapilar.com\/estudi-genetic-trichotest\/"},"modified":"2025-09-20T00:09:06","modified_gmt":"2025-09-19T22:09:06","slug":"estudi-genetic-trichotest","status":"publish","type":"page","link":"https:\/\/characapilar.com\/ca\/serveis\/estudi-genetic-trichotest\/","title":{"rendered":"Estudi gen\u00e8tic (trichotest)"},"content":{"rendered":"","protected":false},"excerpt":{"rendered":"","protected":false},"author":1,"featured_media":0,"parent":2790,"menu_order":0,"comment_status":"closed","ping_status":"closed","template":"template-modular.php","meta":{"footnotes":""},"class_list":["post-2788","page","type-page","status-publish","hentry"],"yoast_head":"<!-- This site is optimized with the Yoast SEO plugin v25.8 - https:\/\/yoast.com\/wordpress\/plugins\/seo\/ -->\n<title>Estudi gen\u00e8tic (trichotest) - Dr. Joel Chara<\/title>\n<meta name=\"description\" content=\"TrichoTest\u2122 \u00e9s una prova gen\u00e8tica avan\u00e7ada per a la caiguda del cabell. En analitzar factors gen\u00e8tics i altres caracter\u00edstiques rellevants\" \/>\n<meta name=\"robots\" content=\"index, follow, max-snippet:-1, max-image-preview:large, max-video-preview:-1\" \/>\n<link rel=\"canonical\" href=\"https:\/\/characapilar.com\/ca\/serveis\/estudi-genetic-trichotest\/\" \/>\n<meta property=\"og:locale\" content=\"ca_ES\" \/>\n<meta property=\"og:type\" content=\"article\" \/>\n<meta property=\"og:title\" content=\"Estudi gen\u00e8tic (trichotest) - Dr. Joel Chara\" \/>\n<meta property=\"og:description\" content=\"TrichoTest\u2122 \u00e9s una prova gen\u00e8tica avan\u00e7ada per a la caiguda del cabell. En analitzar factors gen\u00e8tics i altres caracter\u00edstiques rellevants\" \/>\n<meta property=\"og:url\" content=\"https:\/\/characapilar.com\/ca\/serveis\/estudi-genetic-trichotest\/\" \/>\n<meta property=\"og:site_name\" content=\"Dr. Joel Chara\" \/>\n<meta property=\"article:modified_time\" content=\"2025-09-19T22:09:06+00:00\" \/>\n<meta name=\"twitter:card\" content=\"summary_large_image\" \/>\n<script type=\"application\/ld+json\" class=\"yoast-schema-graph\">{\"@context\":\"https:\/\/schema.org\",\"@graph\":[{\"@type\":\"WebPage\",\"@id\":\"https:\/\/characapilar.com\/ca\/serveis\/estudi-genetic-trichotest\/\",\"url\":\"https:\/\/characapilar.com\/ca\/serveis\/estudi-genetic-trichotest\/\",\"name\":\"Estudi gen\u00e8tic (trichotest) - Dr. Joel Chara\",\"isPartOf\":{\"@id\":\"https:\/\/characapilar.com\/ca\/#website\"},\"datePublished\":\"2023-11-05T10:25:09+00:00\",\"dateModified\":\"2025-09-19T22:09:06+00:00\",\"description\":\"TrichoTest\u2122 \u00e9s una prova gen\u00e8tica avan\u00e7ada per a la caiguda del cabell. En analitzar factors gen\u00e8tics i altres caracter\u00edstiques rellevants\",\"breadcrumb\":{\"@id\":\"https:\/\/characapilar.com\/ca\/serveis\/estudi-genetic-trichotest\/#breadcrumb\"},\"inLanguage\":\"ca\",\"potentialAction\":[{\"@type\":\"ReadAction\",\"target\":[\"https:\/\/characapilar.com\/ca\/serveis\/estudi-genetic-trichotest\/\"]}]},{\"@type\":\"BreadcrumbList\",\"@id\":\"https:\/\/characapilar.com\/ca\/serveis\/estudi-genetic-trichotest\/#breadcrumb\",\"itemListElement\":[{\"@type\":\"ListItem\",\"position\":1,\"name\":\"Home\",\"item\":\"https:\/\/characapilar.com\/ca\/\"},{\"@type\":\"ListItem\",\"position\":2,\"name\":\"Serveis\",\"item\":\"https:\/\/characapilar.com\/ca\/serveis\/\"},{\"@type\":\"ListItem\",\"position\":3,\"name\":\"Estudi gen\u00e8tic (trichotest)\"}]},{\"@type\":\"WebSite\",\"@id\":\"https:\/\/characapilar.com\/ca\/#website\",\"url\":\"https:\/\/characapilar.com\/ca\/\",\"name\":\"Dr. Joel Chara\",\"description\":\"Injerto capilar en Barcelona\",\"potentialAction\":[{\"@type\":\"SearchAction\",\"target\":{\"@type\":\"EntryPoint\",\"urlTemplate\":\"https:\/\/characapilar.com\/ca\/?s={search_term_string}\"},\"query-input\":{\"@type\":\"PropertyValueSpecification\",\"valueRequired\":true,\"valueName\":\"search_term_string\"}}],\"inLanguage\":\"ca\"}]}<\/script>\n<!-- \/ Yoast SEO plugin. -->","yoast_head_json":{"title":"Estudi gen\u00e8tic (trichotest) - Dr. Joel Chara","description":"TrichoTest\u2122 \u00e9s una prova gen\u00e8tica avan\u00e7ada per a la caiguda del cabell. En analitzar factors gen\u00e8tics i altres caracter\u00edstiques rellevants","robots":{"index":"index","follow":"follow","max-snippet":"max-snippet:-1","max-image-preview":"max-image-preview:large","max-video-preview":"max-video-preview:-1"},"canonical":"https:\/\/characapilar.com\/ca\/serveis\/estudi-genetic-trichotest\/","og_locale":"ca_ES","og_type":"article","og_title":"Estudi gen\u00e8tic (trichotest) - Dr. Joel Chara","og_description":"TrichoTest\u2122 \u00e9s una prova gen\u00e8tica avan\u00e7ada per a la caiguda del cabell. En analitzar factors gen\u00e8tics i altres caracter\u00edstiques rellevants","og_url":"https:\/\/characapilar.com\/ca\/serveis\/estudi-genetic-trichotest\/","og_site_name":"Dr. Joel Chara","article_modified_time":"2025-09-19T22:09:06+00:00","twitter_card":"summary_large_image","schema":{"@context":"https:\/\/schema.org","@graph":[{"@type":"WebPage","@id":"https:\/\/characapilar.com\/ca\/serveis\/estudi-genetic-trichotest\/","url":"https:\/\/characapilar.com\/ca\/serveis\/estudi-genetic-trichotest\/","name":"Estudi gen\u00e8tic (trichotest) - Dr. Joel Chara","isPartOf":{"@id":"https:\/\/characapilar.com\/ca\/#website"},"datePublished":"2023-11-05T10:25:09+00:00","dateModified":"2025-09-19T22:09:06+00:00","description":"TrichoTest\u2122 \u00e9s una prova gen\u00e8tica avan\u00e7ada per a la caiguda del cabell. En analitzar factors gen\u00e8tics i altres caracter\u00edstiques rellevants","breadcrumb":{"@id":"https:\/\/characapilar.com\/ca\/serveis\/estudi-genetic-trichotest\/#breadcrumb"},"inLanguage":"ca","potentialAction":[{"@type":"ReadAction","target":["https:\/\/characapilar.com\/ca\/serveis\/estudi-genetic-trichotest\/"]}]},{"@type":"BreadcrumbList","@id":"https:\/\/characapilar.com\/ca\/serveis\/estudi-genetic-trichotest\/#breadcrumb","itemListElement":[{"@type":"ListItem","position":1,"name":"Home","item":"https:\/\/characapilar.com\/ca\/"},{"@type":"ListItem","position":2,"name":"Serveis","item":"https:\/\/characapilar.com\/ca\/serveis\/"},{"@type":"ListItem","position":3,"name":"Estudi gen\u00e8tic (trichotest)"}]},{"@type":"WebSite","@id":"https:\/\/characapilar.com\/ca\/#website","url":"https:\/\/characapilar.com\/ca\/","name":"Dr. Joel Chara","description":"Injerto capilar en Barcelona","potentialAction":[{"@type":"SearchAction","target":{"@type":"EntryPoint","urlTemplate":"https:\/\/characapilar.com\/ca\/?s={search_term_string}"},"query-input":{"@type":"PropertyValueSpecification","valueRequired":true,"valueName":"search_term_string"}}],"inLanguage":"ca"}]}},"_links":{"self":[{"href":"https:\/\/characapilar.com\/ca\/wp-json\/wp\/v2\/pages\/2788","targetHints":{"allow":["GET"]}}],"collection":[{"href":"https:\/\/characapilar.com\/ca\/wp-json\/wp\/v2\/pages"}],"about":[{"href":"https:\/\/characapilar.com\/ca\/wp-json\/wp\/v2\/types\/page"}],"author":[{"embeddable":true,"href":"https:\/\/characapilar.com\/ca\/wp-json\/wp\/v2\/users\/1"}],"replies":[{"embeddable":true,"href":"https:\/\/characapilar.com\/ca\/wp-json\/wp\/v2\/comments?post=2788"}],"version-history":[{"count":1,"href":"https:\/\/characapilar.com\/ca\/wp-json\/wp\/v2\/pages\/2788\/revisions"}],"predecessor-version":[{"id":2793,"href":"https:\/\/characapilar.com\/ca\/wp-json\/wp\/v2\/pages\/2788\/revisions\/2793"}],"up":[{"embeddable":true,"href":"https:\/\/characapilar.com\/ca\/wp-json\/wp\/v2\/pages\/2790"}],"wp:attachment":[{"href":"https:\/\/characapilar.com\/ca\/wp-json\/wp\/v2\/media?parent=2788"}],"curies":[{"name":"wp","href":"https:\/\/api.w.org\/{rel}","templated":true}]}}

Estudi genètic (trichotest)

<!-- This site is optimized with the Yoast SEO plugin v25.8 - https://yoast.com/wordpress/plugins/seo/ -->
<title>Estudi genètic (trichotest) - Dr. Joel Chara</title>
<meta name="description" content="TrichoTest™ és una prova genètica avançada per a la caiguda del cabell. En analitzar factors genètics i altres característiques rellevants" />
<meta name="robots" content="index, follow, max-snippet:-1, max-image-preview:large, max-video-preview:-1" />
<link rel="canonical" href="https://characapilar.com/ca/serveis/estudi-genetic-trichotest/" />
<meta property="og:locale" content="ca_ES" />
<meta property="og:type" content="article" />
<meta property="og:title" content="Estudi genètic (trichotest) - Dr. Joel Chara" />
<meta property="og:description" content="TrichoTest™ és una prova genètica avançada per a la caiguda del cabell. En analitzar factors genètics i altres característiques rellevants" />
<meta property="og:url" content="https://characapilar.com/ca/serveis/estudi-genetic-trichotest/" />
<meta property="og:site_name" content="Dr. Joel Chara" />
<meta property="article:modified_time" content="2025-09-19T22:09:06+00:00" />
<meta name="twitter:card" content="summary_large_image" />
<script type="application/ld+json" class="yoast-schema-graph">{"@context":"https://schema.org","@graph":[{"@type":"WebPage","@id":"https://characapilar.com/ca/serveis/estudi-genetic-trichotest/","url":"https://characapilar.com/ca/serveis/estudi-genetic-trichotest/","name":"Estudi genètic (trichotest) - Dr. Joel Chara","isPartOf":{"@id":"https://characapilar.com/ca/#website"},"datePublished":"2023-11-05T10:25:09+00:00","dateModified":"2025-09-19T22:09:06+00:00","description":"TrichoTest™ és una prova genètica avançada per a la caiguda del cabell. En analitzar factors genètics i altres característiques rellevants","breadcrumb":{"@id":"https://characapilar.com/ca/serveis/estudi-genetic-trichotest/#breadcrumb"},"inLanguage":"ca","potentialAction":[{"@type":"ReadAction","target":["https://characapilar.com/ca/serveis/estudi-genetic-trichotest/"]}]},{"@type":"BreadcrumbList","@id":"https://characapilar.com/ca/serveis/estudi-genetic-trichotest/#breadcrumb","itemListElement":[{"@type":"ListItem","position":1,"name":"Home","item":"https://characapilar.com/ca/"},{"@type":"ListItem","position":2,"name":"Serveis","item":"https://characapilar.com/ca/serveis/"},{"@type":"ListItem","position":3,"name":"Estudi genètic (trichotest)"}]},{"@type":"WebSite","@id":"https://characapilar.com/ca/#website","url":"https://characapilar.com/ca/","name":"Dr. Joel Chara","description":"Injerto capilar en Barcelona","potentialAction":[{"@type":"SearchAction","target":{"@type":"EntryPoint","urlTemplate":"https://characapilar.com/ca/?s={search_term_string}"},"query-input":{"@type":"PropertyValueSpecification","valueRequired":true,"valueName":"search_term_string"}}],"inLanguage":"ca"}]}</script>
<!-- / Yoast SEO plugin. -->

Estudi genètic (trichotest) - Dr. Joel Chara

TrichoTest™ és una prova genètica avançada per a la caiguda del cabell. En analitzar factors genètics i altres característiques rellevants
