{"id":2780,"date":"2023-11-05T11:42:42","date_gmt":"2023-11-05T10:42:42","guid":{"rendered":"https:\/\/characapilar.com\/terapia-regenerativa\/"},"modified":"2025-09-20T00:27:55","modified_gmt":"2025-09-19T22:27:55","slug":"terapia-regenerativa","status":"publish","type":"page","link":"https:\/\/characapilar.com\/ca\/serveis\/terapia-regenerativa\/","title":{"rendered":"Ter\u00e0pia regenerativa"},"content":{"rendered":"","protected":false},"excerpt":{"rendered":"","protected":false},"author":1,"featured_media":0,"parent":2790,"menu_order":0,"comment_status":"closed","ping_status":"closed","template":"template-modular.php","meta":{"footnotes":""},"class_list":["post-2780","page","type-page","status-publish","hentry"],"yoast_head":"<!-- This site is optimized with the Yoast SEO plugin v25.8 - https:\/\/yoast.com\/wordpress\/plugins\/seo\/ -->\n<title>Ter\u00e0pia regenerativa - Dr. Joel Chara<\/title>\n<meta name=\"description\" content=\"Els pacients amb caiguda dels cabells poden beneficiar-se de la ter\u00e0pia regenerativa perqu\u00e8 els seus cabells tornin a cr\u00e9ixer de forma natural\" \/>\n<meta name=\"robots\" content=\"index, follow, max-snippet:-1, max-image-preview:large, max-video-preview:-1\" \/>\n<link rel=\"canonical\" href=\"https:\/\/characapilar.com\/ca\/serveis\/terapia-regenerativa\/\" \/>\n<meta property=\"og:locale\" content=\"ca_ES\" \/>\n<meta property=\"og:type\" content=\"article\" \/>\n<meta property=\"og:title\" content=\"Ter\u00e0pia regenerativa - Dr. Joel Chara\" \/>\n<meta property=\"og:description\" content=\"Els pacients amb caiguda dels cabells poden beneficiar-se de la ter\u00e0pia regenerativa perqu\u00e8 els seus cabells tornin a cr\u00e9ixer de forma natural\" \/>\n<meta property=\"og:url\" content=\"https:\/\/characapilar.com\/ca\/serveis\/terapia-regenerativa\/\" \/>\n<meta property=\"og:site_name\" content=\"Dr. Joel Chara\" \/>\n<meta property=\"article:modified_time\" content=\"2025-09-19T22:27:55+00:00\" \/>\n<meta name=\"twitter:card\" content=\"summary_large_image\" \/>\n<script type=\"application\/ld+json\" class=\"yoast-schema-graph\">{\"@context\":\"https:\/\/schema.org\",\"@graph\":[{\"@type\":\"WebPage\",\"@id\":\"https:\/\/characapilar.com\/ca\/serveis\/terapia-regenerativa\/\",\"url\":\"https:\/\/characapilar.com\/ca\/serveis\/terapia-regenerativa\/\",\"name\":\"Ter\u00e0pia regenerativa - Dr. Joel Chara\",\"isPartOf\":{\"@id\":\"https:\/\/characapilar.com\/ca\/#website\"},\"datePublished\":\"2023-11-05T10:42:42+00:00\",\"dateModified\":\"2025-09-19T22:27:55+00:00\",\"description\":\"Els pacients amb caiguda dels cabells poden beneficiar-se de la ter\u00e0pia regenerativa perqu\u00e8 els seus cabells tornin a cr\u00e9ixer de forma natural\",\"breadcrumb\":{\"@id\":\"https:\/\/characapilar.com\/ca\/serveis\/terapia-regenerativa\/#breadcrumb\"},\"inLanguage\":\"ca\",\"potentialAction\":[{\"@type\":\"ReadAction\",\"target\":[\"https:\/\/characapilar.com\/ca\/serveis\/terapia-regenerativa\/\"]}]},{\"@type\":\"BreadcrumbList\",\"@id\":\"https:\/\/characapilar.com\/ca\/serveis\/terapia-regenerativa\/#breadcrumb\",\"itemListElement\":[{\"@type\":\"ListItem\",\"position\":1,\"name\":\"Home\",\"item\":\"https:\/\/characapilar.com\/ca\/\"},{\"@type\":\"ListItem\",\"position\":2,\"name\":\"Serveis\",\"item\":\"https:\/\/characapilar.com\/ca\/serveis\/\"},{\"@type\":\"ListItem\",\"position\":3,\"name\":\"Ter\u00e0pia regenerativa\"}]},{\"@type\":\"WebSite\",\"@id\":\"https:\/\/characapilar.com\/ca\/#website\",\"url\":\"https:\/\/characapilar.com\/ca\/\",\"name\":\"Dr. Joel Chara\",\"description\":\"Injerto capilar en Barcelona\",\"potentialAction\":[{\"@type\":\"SearchAction\",\"target\":{\"@type\":\"EntryPoint\",\"urlTemplate\":\"https:\/\/characapilar.com\/ca\/?s={search_term_string}\"},\"query-input\":{\"@type\":\"PropertyValueSpecification\",\"valueRequired\":true,\"valueName\":\"search_term_string\"}}],\"inLanguage\":\"ca\"}]}<\/script>\n<!-- \/ Yoast SEO plugin. -->","yoast_head_json":{"title":"Ter\u00e0pia regenerativa - Dr. Joel Chara","description":"Els pacients amb caiguda dels cabells poden beneficiar-se de la ter\u00e0pia regenerativa perqu\u00e8 els seus cabells tornin a cr\u00e9ixer de forma natural","robots":{"index":"index","follow":"follow","max-snippet":"max-snippet:-1","max-image-preview":"max-image-preview:large","max-video-preview":"max-video-preview:-1"},"canonical":"https:\/\/characapilar.com\/ca\/serveis\/terapia-regenerativa\/","og_locale":"ca_ES","og_type":"article","og_title":"Ter\u00e0pia regenerativa - Dr. Joel Chara","og_description":"Els pacients amb caiguda dels cabells poden beneficiar-se de la ter\u00e0pia regenerativa perqu\u00e8 els seus cabells tornin a cr\u00e9ixer de forma natural","og_url":"https:\/\/characapilar.com\/ca\/serveis\/terapia-regenerativa\/","og_site_name":"Dr. Joel Chara","article_modified_time":"2025-09-19T22:27:55+00:00","twitter_card":"summary_large_image","schema":{"@context":"https:\/\/schema.org","@graph":[{"@type":"WebPage","@id":"https:\/\/characapilar.com\/ca\/serveis\/terapia-regenerativa\/","url":"https:\/\/characapilar.com\/ca\/serveis\/terapia-regenerativa\/","name":"Ter\u00e0pia regenerativa - Dr. Joel Chara","isPartOf":{"@id":"https:\/\/characapilar.com\/ca\/#website"},"datePublished":"2023-11-05T10:42:42+00:00","dateModified":"2025-09-19T22:27:55+00:00","description":"Els pacients amb caiguda dels cabells poden beneficiar-se de la ter\u00e0pia regenerativa perqu\u00e8 els seus cabells tornin a cr\u00e9ixer de forma natural","breadcrumb":{"@id":"https:\/\/characapilar.com\/ca\/serveis\/terapia-regenerativa\/#breadcrumb"},"inLanguage":"ca","potentialAction":[{"@type":"ReadAction","target":["https:\/\/characapilar.com\/ca\/serveis\/terapia-regenerativa\/"]}]},{"@type":"BreadcrumbList","@id":"https:\/\/characapilar.com\/ca\/serveis\/terapia-regenerativa\/#breadcrumb","itemListElement":[{"@type":"ListItem","position":1,"name":"Home","item":"https:\/\/characapilar.com\/ca\/"},{"@type":"ListItem","position":2,"name":"Serveis","item":"https:\/\/characapilar.com\/ca\/serveis\/"},{"@type":"ListItem","position":3,"name":"Ter\u00e0pia regenerativa"}]},{"@type":"WebSite","@id":"https:\/\/characapilar.com\/ca\/#website","url":"https:\/\/characapilar.com\/ca\/","name":"Dr. Joel Chara","description":"Injerto capilar en Barcelona","potentialAction":[{"@type":"SearchAction","target":{"@type":"EntryPoint","urlTemplate":"https:\/\/characapilar.com\/ca\/?s={search_term_string}"},"query-input":{"@type":"PropertyValueSpecification","valueRequired":true,"valueName":"search_term_string"}}],"inLanguage":"ca"}]}},"_links":{"self":[{"href":"https:\/\/characapilar.com\/ca\/wp-json\/wp\/v2\/pages\/2780","targetHints":{"allow":["GET"]}}],"collection":[{"href":"https:\/\/characapilar.com\/ca\/wp-json\/wp\/v2\/pages"}],"about":[{"href":"https:\/\/characapilar.com\/ca\/wp-json\/wp\/v2\/types\/page"}],"author":[{"embeddable":true,"href":"https:\/\/characapilar.com\/ca\/wp-json\/wp\/v2\/users\/1"}],"replies":[{"embeddable":true,"href":"https:\/\/characapilar.com\/ca\/wp-json\/wp\/v2\/comments?post=2780"}],"version-history":[{"count":1,"href":"https:\/\/characapilar.com\/ca\/wp-json\/wp\/v2\/pages\/2780\/revisions"}],"predecessor-version":[{"id":2794,"href":"https:\/\/characapilar.com\/ca\/wp-json\/wp\/v2\/pages\/2780\/revisions\/2794"}],"up":[{"embeddable":true,"href":"https:\/\/characapilar.com\/ca\/wp-json\/wp\/v2\/pages\/2790"}],"wp:attachment":[{"href":"https:\/\/characapilar.com\/ca\/wp-json\/wp\/v2\/media?parent=2780"}],"curies":[{"name":"wp","href":"https:\/\/api.w.org\/{rel}","templated":true}]}}

Teràpia regenerativa

<!-- This site is optimized with the Yoast SEO plugin v25.8 - https://yoast.com/wordpress/plugins/seo/ -->
<title>Teràpia regenerativa - Dr. Joel Chara</title>
<meta name="description" content="Els pacients amb caiguda dels cabells poden beneficiar-se de la teràpia regenerativa perquè els seus cabells tornin a créixer de forma natural" />
<meta name="robots" content="index, follow, max-snippet:-1, max-image-preview:large, max-video-preview:-1" />
<link rel="canonical" href="https://characapilar.com/ca/serveis/terapia-regenerativa/" />
<meta property="og:locale" content="ca_ES" />
<meta property="og:type" content="article" />
<meta property="og:title" content="Teràpia regenerativa - Dr. Joel Chara" />
<meta property="og:description" content="Els pacients amb caiguda dels cabells poden beneficiar-se de la teràpia regenerativa perquè els seus cabells tornin a créixer de forma natural" />
<meta property="og:url" content="https://characapilar.com/ca/serveis/terapia-regenerativa/" />
<meta property="og:site_name" content="Dr. Joel Chara" />
<meta property="article:modified_time" content="2025-09-19T22:27:55+00:00" />
<meta name="twitter:card" content="summary_large_image" />
<script type="application/ld+json" class="yoast-schema-graph">{"@context":"https://schema.org","@graph":[{"@type":"WebPage","@id":"https://characapilar.com/ca/serveis/terapia-regenerativa/","url":"https://characapilar.com/ca/serveis/terapia-regenerativa/","name":"Teràpia regenerativa - Dr. Joel Chara","isPartOf":{"@id":"https://characapilar.com/ca/#website"},"datePublished":"2023-11-05T10:42:42+00:00","dateModified":"2025-09-19T22:27:55+00:00","description":"Els pacients amb caiguda dels cabells poden beneficiar-se de la teràpia regenerativa perquè els seus cabells tornin a créixer de forma natural","breadcrumb":{"@id":"https://characapilar.com/ca/serveis/terapia-regenerativa/#breadcrumb"},"inLanguage":"ca","potentialAction":[{"@type":"ReadAction","target":["https://characapilar.com/ca/serveis/terapia-regenerativa/"]}]},{"@type":"BreadcrumbList","@id":"https://characapilar.com/ca/serveis/terapia-regenerativa/#breadcrumb","itemListElement":[{"@type":"ListItem","position":1,"name":"Home","item":"https://characapilar.com/ca/"},{"@type":"ListItem","position":2,"name":"Serveis","item":"https://characapilar.com/ca/serveis/"},{"@type":"ListItem","position":3,"name":"Teràpia regenerativa"}]},{"@type":"WebSite","@id":"https://characapilar.com/ca/#website","url":"https://characapilar.com/ca/","name":"Dr. Joel Chara","description":"Injerto capilar en Barcelona","potentialAction":[{"@type":"SearchAction","target":{"@type":"EntryPoint","urlTemplate":"https://characapilar.com/ca/?s={search_term_string}"},"query-input":{"@type":"PropertyValueSpecification","valueRequired":true,"valueName":"search_term_string"}}],"inLanguage":"ca"}]}</script>
<!-- / Yoast SEO plugin. -->

Teràpia regenerativa - Dr. Joel Chara

Els pacients amb caiguda dels cabells poden beneficiar-se de la teràpia regenerativa perquè els seus cabells tornin a créixer de forma natural
