{"id":2765,"date":"2023-11-05T12:48:30","date_gmt":"2023-11-05T11:48:30","guid":{"rendered":"https:\/\/characapilar.com\/trasplantament-de-barba-i-bigoti\/"},"modified":"2025-09-10T17:06:54","modified_gmt":"2025-09-10T15:06:54","slug":"trasplantament-de-barba-i-bigoti","status":"publish","type":"page","link":"https:\/\/characapilar.com\/ca\/serveis\/trasplantament-de-barba-i-bigoti\/","title":{"rendered":"Trasplantament de barba i bigoti"},"content":{"rendered":"","protected":false},"excerpt":{"rendered":"","protected":false},"author":1,"featured_media":0,"parent":2790,"menu_order":0,"comment_status":"closed","ping_status":"closed","template":"template-modular.php","meta":{"footnotes":""},"class_list":["post-2765","page","type-page","status-publish","hentry"],"yoast_head":"<!-- This site is optimized with the Yoast SEO plugin v25.8 - https:\/\/yoast.com\/wordpress\/plugins\/seo\/ -->\n<title>Trasplantament de barba i bigoti - Dr. Joel Chara<\/title>\n<meta name=\"description\" content=\"S\u00f3n candidats aquelles persones que han experimentat p\u00e8rdua de barba i bigoti a causa d&#039;una caiguda sobtada, raons gen\u00e8tiques o...\" \/>\n<meta name=\"robots\" content=\"index, follow, max-snippet:-1, max-image-preview:large, max-video-preview:-1\" \/>\n<link rel=\"canonical\" href=\"https:\/\/characapilar.com\/ca\/serveis\/trasplantament-de-barba-i-bigoti\/\" \/>\n<meta property=\"og:locale\" content=\"ca_ES\" \/>\n<meta property=\"og:type\" content=\"article\" \/>\n<meta property=\"og:title\" content=\"Trasplantament de barba i bigoti - Dr. Joel Chara\" \/>\n<meta property=\"og:description\" content=\"S\u00f3n candidats aquelles persones que han experimentat p\u00e8rdua de barba i bigoti a causa d&#039;una caiguda sobtada, raons gen\u00e8tiques o...\" \/>\n<meta property=\"og:url\" content=\"https:\/\/characapilar.com\/ca\/serveis\/trasplantament-de-barba-i-bigoti\/\" \/>\n<meta property=\"og:site_name\" content=\"Dr. Joel Chara\" \/>\n<meta property=\"article:modified_time\" content=\"2025-09-10T15:06:54+00:00\" \/>\n<meta name=\"twitter:card\" content=\"summary_large_image\" \/>\n<script type=\"application\/ld+json\" class=\"yoast-schema-graph\">{\"@context\":\"https:\/\/schema.org\",\"@graph\":[{\"@type\":\"WebPage\",\"@id\":\"https:\/\/characapilar.com\/ca\/serveis\/trasplantament-de-barba-i-bigoti\/\",\"url\":\"https:\/\/characapilar.com\/ca\/serveis\/trasplantament-de-barba-i-bigoti\/\",\"name\":\"Trasplantament de barba i bigoti - Dr. Joel Chara\",\"isPartOf\":{\"@id\":\"https:\/\/characapilar.com\/ca\/#website\"},\"datePublished\":\"2023-11-05T11:48:30+00:00\",\"dateModified\":\"2025-09-10T15:06:54+00:00\",\"description\":\"S\u00f3n candidats aquelles persones que han experimentat p\u00e8rdua de barba i bigoti a causa d'una caiguda sobtada, raons gen\u00e8tiques o...\",\"breadcrumb\":{\"@id\":\"https:\/\/characapilar.com\/ca\/serveis\/trasplantament-de-barba-i-bigoti\/#breadcrumb\"},\"inLanguage\":\"ca\",\"potentialAction\":[{\"@type\":\"ReadAction\",\"target\":[\"https:\/\/characapilar.com\/ca\/serveis\/trasplantament-de-barba-i-bigoti\/\"]}]},{\"@type\":\"BreadcrumbList\",\"@id\":\"https:\/\/characapilar.com\/ca\/serveis\/trasplantament-de-barba-i-bigoti\/#breadcrumb\",\"itemListElement\":[{\"@type\":\"ListItem\",\"position\":1,\"name\":\"Home\",\"item\":\"https:\/\/characapilar.com\/ca\/\"},{\"@type\":\"ListItem\",\"position\":2,\"name\":\"Serveis\",\"item\":\"https:\/\/characapilar.com\/ca\/serveis\/\"},{\"@type\":\"ListItem\",\"position\":3,\"name\":\"Trasplantament de barba i bigoti\"}]},{\"@type\":\"WebSite\",\"@id\":\"https:\/\/characapilar.com\/ca\/#website\",\"url\":\"https:\/\/characapilar.com\/ca\/\",\"name\":\"Dr. Joel Chara\",\"description\":\"Injerto capilar en Barcelona\",\"potentialAction\":[{\"@type\":\"SearchAction\",\"target\":{\"@type\":\"EntryPoint\",\"urlTemplate\":\"https:\/\/characapilar.com\/ca\/?s={search_term_string}\"},\"query-input\":{\"@type\":\"PropertyValueSpecification\",\"valueRequired\":true,\"valueName\":\"search_term_string\"}}],\"inLanguage\":\"ca\"}]}<\/script>\n<!-- \/ Yoast SEO plugin. -->","yoast_head_json":{"title":"Trasplantament de barba i bigoti - Dr. Joel Chara","description":"S\u00f3n candidats aquelles persones que han experimentat p\u00e8rdua de barba i bigoti a causa d'una caiguda sobtada, raons gen\u00e8tiques o...","robots":{"index":"index","follow":"follow","max-snippet":"max-snippet:-1","max-image-preview":"max-image-preview:large","max-video-preview":"max-video-preview:-1"},"canonical":"https:\/\/characapilar.com\/ca\/serveis\/trasplantament-de-barba-i-bigoti\/","og_locale":"ca_ES","og_type":"article","og_title":"Trasplantament de barba i bigoti - Dr. Joel Chara","og_description":"S\u00f3n candidats aquelles persones que han experimentat p\u00e8rdua de barba i bigoti a causa d'una caiguda sobtada, raons gen\u00e8tiques o...","og_url":"https:\/\/characapilar.com\/ca\/serveis\/trasplantament-de-barba-i-bigoti\/","og_site_name":"Dr. Joel Chara","article_modified_time":"2025-09-10T15:06:54+00:00","twitter_card":"summary_large_image","schema":{"@context":"https:\/\/schema.org","@graph":[{"@type":"WebPage","@id":"https:\/\/characapilar.com\/ca\/serveis\/trasplantament-de-barba-i-bigoti\/","url":"https:\/\/characapilar.com\/ca\/serveis\/trasplantament-de-barba-i-bigoti\/","name":"Trasplantament de barba i bigoti - Dr. Joel Chara","isPartOf":{"@id":"https:\/\/characapilar.com\/ca\/#website"},"datePublished":"2023-11-05T11:48:30+00:00","dateModified":"2025-09-10T15:06:54+00:00","description":"S\u00f3n candidats aquelles persones que han experimentat p\u00e8rdua de barba i bigoti a causa d'una caiguda sobtada, raons gen\u00e8tiques o...","breadcrumb":{"@id":"https:\/\/characapilar.com\/ca\/serveis\/trasplantament-de-barba-i-bigoti\/#breadcrumb"},"inLanguage":"ca","potentialAction":[{"@type":"ReadAction","target":["https:\/\/characapilar.com\/ca\/serveis\/trasplantament-de-barba-i-bigoti\/"]}]},{"@type":"BreadcrumbList","@id":"https:\/\/characapilar.com\/ca\/serveis\/trasplantament-de-barba-i-bigoti\/#breadcrumb","itemListElement":[{"@type":"ListItem","position":1,"name":"Home","item":"https:\/\/characapilar.com\/ca\/"},{"@type":"ListItem","position":2,"name":"Serveis","item":"https:\/\/characapilar.com\/ca\/serveis\/"},{"@type":"ListItem","position":3,"name":"Trasplantament de barba i bigoti"}]},{"@type":"WebSite","@id":"https:\/\/characapilar.com\/ca\/#website","url":"https:\/\/characapilar.com\/ca\/","name":"Dr. Joel Chara","description":"Injerto capilar en Barcelona","potentialAction":[{"@type":"SearchAction","target":{"@type":"EntryPoint","urlTemplate":"https:\/\/characapilar.com\/ca\/?s={search_term_string}"},"query-input":{"@type":"PropertyValueSpecification","valueRequired":true,"valueName":"search_term_string"}}],"inLanguage":"ca"}]}},"_links":{"self":[{"href":"https:\/\/characapilar.com\/ca\/wp-json\/wp\/v2\/pages\/2765","targetHints":{"allow":["GET"]}}],"collection":[{"href":"https:\/\/characapilar.com\/ca\/wp-json\/wp\/v2\/pages"}],"about":[{"href":"https:\/\/characapilar.com\/ca\/wp-json\/wp\/v2\/types\/page"}],"author":[{"embeddable":true,"href":"https:\/\/characapilar.com\/ca\/wp-json\/wp\/v2\/users\/1"}],"replies":[{"embeddable":true,"href":"https:\/\/characapilar.com\/ca\/wp-json\/wp\/v2\/comments?post=2765"}],"version-history":[{"count":1,"href":"https:\/\/characapilar.com\/ca\/wp-json\/wp\/v2\/pages\/2765\/revisions"}],"predecessor-version":[{"id":2795,"href":"https:\/\/characapilar.com\/ca\/wp-json\/wp\/v2\/pages\/2765\/revisions\/2795"}],"up":[{"embeddable":true,"href":"https:\/\/characapilar.com\/ca\/wp-json\/wp\/v2\/pages\/2790"}],"wp:attachment":[{"href":"https:\/\/characapilar.com\/ca\/wp-json\/wp\/v2\/media?parent=2765"}],"curies":[{"name":"wp","href":"https:\/\/api.w.org\/{rel}","templated":true}]}}

<!-- This site is optimized with the Yoast SEO plugin v25.8 - https://yoast.com/wordpress/plugins/seo/ -->
<title>Trasplantament de barba i bigoti - Dr. Joel Chara</title>
<meta name="description" content="Són candidats aquelles persones que han experimentat pèrdua de barba i bigoti a causa d&#039;una caiguda sobtada, raons genètiques o..." />
<meta name="robots" content="index, follow, max-snippet:-1, max-image-preview:large, max-video-preview:-1" />
<link rel="canonical" href="https://characapilar.com/ca/serveis/trasplantament-de-barba-i-bigoti/" />
<meta property="og:locale" content="ca_ES" />
<meta property="og:type" content="article" />
<meta property="og:title" content="Trasplantament de barba i bigoti - Dr. Joel Chara" />
<meta property="og:description" content="Són candidats aquelles persones que han experimentat pèrdua de barba i bigoti a causa d&#039;una caiguda sobtada, raons genètiques o..." />
<meta property="og:url" content="https://characapilar.com/ca/serveis/trasplantament-de-barba-i-bigoti/" />
<meta property="og:site_name" content="Dr. Joel Chara" />
<meta property="article:modified_time" content="2025-09-10T15:06:54+00:00" />
<meta name="twitter:card" content="summary_large_image" />
<script type="application/ld+json" class="yoast-schema-graph">{"@context":"https://schema.org","@graph":[{"@type":"WebPage","@id":"https://characapilar.com/ca/serveis/trasplantament-de-barba-i-bigoti/","url":"https://characapilar.com/ca/serveis/trasplantament-de-barba-i-bigoti/","name":"Trasplantament de barba i bigoti - Dr. Joel Chara","isPartOf":{"@id":"https://characapilar.com/ca/#website"},"datePublished":"2023-11-05T11:48:30+00:00","dateModified":"2025-09-10T15:06:54+00:00","description":"Són candidats aquelles persones que han experimentat pèrdua de barba i bigoti a causa d'una caiguda sobtada, raons genètiques o...","breadcrumb":{"@id":"https://characapilar.com/ca/serveis/trasplantament-de-barba-i-bigoti/#breadcrumb"},"inLanguage":"ca","potentialAction":[{"@type":"ReadAction","target":["https://characapilar.com/ca/serveis/trasplantament-de-barba-i-bigoti/"]}]},{"@type":"BreadcrumbList","@id":"https://characapilar.com/ca/serveis/trasplantament-de-barba-i-bigoti/#breadcrumb","itemListElement":[{"@type":"ListItem","position":1,"name":"Home","item":"https://characapilar.com/ca/"},{"@type":"ListItem","position":2,"name":"Serveis","item":"https://characapilar.com/ca/serveis/"},{"@type":"ListItem","position":3,"name":"Trasplantament de barba i bigoti"}]},{"@type":"WebSite","@id":"https://characapilar.com/ca/#website","url":"https://characapilar.com/ca/","name":"Dr. Joel Chara","description":"Injerto capilar en Barcelona","potentialAction":[{"@type":"SearchAction","target":{"@type":"EntryPoint","urlTemplate":"https://characapilar.com/ca/?s={search_term_string}"},"query-input":{"@type":"PropertyValueSpecification","valueRequired":true,"valueName":"search_term_string"}}],"inLanguage":"ca"}]}</script>
<!-- / Yoast SEO plugin. -->

Són candidats aquelles persones que han experimentat pèrdua de barba i bigoti a causa d'una caiguda sobtada, raons genètiques o...
