{"id":2763,"date":"2023-11-25T00:05:28","date_gmt":"2023-11-24T23:05:28","guid":{"rendered":"https:\/\/characapilar.com\/politica-de-galetes\/"},"modified":"2025-09-09T14:45:51","modified_gmt":"2025-09-09T12:45:51","slug":"politica-de-galetes","status":"publish","type":"page","link":"https:\/\/characapilar.com\/ca\/politica-de-galetes\/","title":{"rendered":"Pol\u00edtica de galetes"},"content":{"rendered":"&#13;\n<h2 class=\"wp-block-heading\">Qui som<\/h2>&#13;\n&#13;\n<p><strong class=\"privacy-policy-tutorial\">Text suggerit: <\/strong>L&#8217;adre\u00e7a de la nostra web \u00e9s: https:\/\/drcharah-cp793.wordpresstemporal.com\/drchara.<\/p>&#13;\n&#13;\n<h2 class=\"wp-block-heading\">Comentaris<\/h2>&#13;\n&#13;\n<p><strong class=\"privacy-policy-tutorial\">Text suggerit: <\/strong>Quan els visitants deixen comentaris a la web, recopilem les dades que es mostren al formulari de comentaris, aix\u00ed com l&#8217;adre\u00e7a IP del visitant i la cadena d&#8217;agents d&#8217;usuari del navegador per ajudar a la detecci\u00f3 d&#8217;spam.<\/p>&#13;\n&#13;\n<p>Una cadena an\u00f2nima creada a partir de la teva adre\u00e7a de correu electr\u00f2nic (tamb\u00e9 anomenada hash) pot ser proporcionada al servei de Gravatar per veure si l&#8217;est\u00e0s usant. La pol\u00edtica de privadesa del servei Gravatar est\u00e0 disponible aqu\u00ed: https:\/\/automattic.com\/privacy\/. Despr\u00e9s de l&#8217;aprovaci\u00f3 del teu comentari, la imatge del teu perfil \u00e9s visible per al p\u00fablic en el context del teu comentari.<\/p>&#13;\n&#13;\n<h2 class=\"wp-block-heading\">Mitjans<\/h2>&#13;\n&#13;\n<p><strong class=\"privacy-policy-tutorial\">Text suggerit: <\/strong>Si puges imatges a la web, hauries d&#8217;evitar pujar imatges amb dades d&#8217;ubicaci\u00f3 (GPS EXIF) incloses. Els visitants de la web poden descarregar i extreure qualsevol dada d&#8217;ubicaci\u00f3 de les imatges de la web.<\/p>&#13;\n&#13;\n<h2 class=\"wp-block-heading\">Cookies<\/h2>&#13;\n&#13;\n<p><strong class=\"privacy-policy-tutorial\">Text suggerit: <\/strong>Si deixes un comentari al nostre lloc pots triar desar el teu nom, adre\u00e7a de correu electr\u00f2nic i web a cookies. Aix\u00f2 \u00e9s per a la teva comoditat, perqu\u00e8 no hagis de tornar a emplenar les teves dades quan deixis un altre comentari. Aquestes galetes tindran una durada d&#8217;un any.<\/p>&#13;\n&#13;\n<p>Si tens un compte i et connectes a aquest lloc, instal\u00b7larem una galeta temporal per determinar si el teu navegador accepta cookies. Aquesta galeta no cont\u00e9 dades personals i s\\&#8217;elimina en tancar el navegador.<\/p>&#13;\n&#13;\n<p>Quan hi accedeixis, tamb\u00e9 instal\u00b7larem diverses galetes per guardar la teva informaci\u00f3 d&#8217;acc\u00e9s i les teves opcions de visualitzaci\u00f3 de pantalla. Les galetes d&#8217;acc\u00e9s duren dos dies, i les galetes d&#8217;opcions de pantalla duren un any. Si selecciones &#8220;Recordar-me&#8221;, el teu acc\u00e9s perdurar\u00e0 durant dues setmanes. Si surts del teu compte, les galetes d&#8217;acc\u00e9s s&#8217;eliminaran.<\/p>&#13;\n&#13;\n<p>Si edites o publiques un article es guardar\u00e0 una galeta addicional al teu navegador. Aquesta galeta no inclou dades personals i simplement indica l&#8217;ID de l&#8217;article que acabeu d&#8217;editar. Caduca despr\u00e9s d&#8217;un dia.<\/p>&#13;\n&#13;\n<h2 class=\"wp-block-heading\">Contingut incrustat d&#8217;altres llocs web<\/h2>&#13;\n&#13;\n<p><strong class=\"privacy-policy-tutorial\">Text suggerit: <\/strong>Els articles d&#8217;aquest lloc poden incloure contingut incrustat (per exemple, v\u00eddeos, imatges, articles, etc.). El contingut incrustat d&#8217;altres webs es comporta exactament de la mateixa manera que si el visitant hagu\u00e9s visitat l&#8217;altra web.<\/p>&#13;\n&#13;\n<p>Aquestes web poden recopilar dades sobre tu, utilitzar cookies, incrustar un seguiment addicional de tercers, i supervisar la teva interacci\u00f3 amb aquest contingut incrustat, incl\u00f2s el seguiment de la teva interacci\u00f3 amb el contingut incrustat si tens un compte i est\u00e0s connectat a aquest web.<\/p>&#13;\n&#13;\n<h2 class=\"wp-block-heading\">Amb qui compartim les teves dades<\/h2>&#13;\n&#13;\n<p><strong class=\"privacy-policy-tutorial\">Text suggerit: <\/strong>Si sol\u00b7liciteu un restabliment de contrasenya, la vostra adre\u00e7a IP s&#8217;inclour\u00e0 al correu electr\u00f2nic de restabliment.<\/p>&#13;\n&#13;\n<h2 class=\"wp-block-heading\">Quant de temps conservem les teves dades<\/h2>&#13;\n&#13;\n<p><strong class=\"privacy-policy-tutorial\">Text suggerit: <\/strong>Si deixes un comentari, el comentari i les seves metadades es conserven indefinidament. Aix\u00f2 \u00e9s perqu\u00e8 puguem recon\u00e8ixer i aprovar comentaris successius autom\u00e0ticament, en lloc de mantenir-los en una cua de moderaci\u00f3.<\/p>&#13;\n&#13;\n<p>Dels usuaris que es registren a la nostra web (si n&#8217;hi ha), tamb\u00e9 emmagatzemem la informaci\u00f3 personal que proporcionen al seu perfil d&#8217;usuari. Tots els usuaris poden veure, editar o eliminar la vostra informaci\u00f3 personal en qualsevol moment (excepte que no poden canviar el vostre nom d&#8217;usuari). Els administradors de la web tamb\u00e9 poden veure i editar aquesta informaci\u00f3.<\/p>&#13;\n&#13;\n<h2 class=\"wp-block-heading\">Quins drets tens sobre les teves dades<\/h2>&#13;\n&#13;\n<p><strong class=\"privacy-policy-tutorial\">Text suggerit: <\/strong>Si tens un compte o has deixat comentaris en aquesta web, pots sol\u00b7licitar rebre un fitxer d&#8217;exportaci\u00f3 de les dades personals que tenim sobre tu, incloent-hi qualsevol dada que ens hagis proporcionat. Tamb\u00e9 pots sol\u00b7licitar que eliminem qualsevol dada personal que tinguem sobre tu. Aix\u00f2 no inclou cap dada que estiguem obligats a conservar amb fins administratius, legals o de seguretat.<\/p>&#13;\n&#13;\n<h2 class=\"wp-block-heading\">On s&#8217;envien les teves dades<\/h2>&#13;\n&#13;\n<p><strong class=\"privacy-policy-tutorial\">Text suggerit: <\/strong>Els comentaris dels visitants poden ser revisats per un servei de detecci\u00f3 autom\u00e0tica d&#8217;spam.<\/p>&#13;\n","protected":false},"excerpt":{"rendered":"<p>&#13; Qui som &#13; &#13; Text suggerit: L&#8217;adre\u00e7a de la nostra web \u00e9s: https:\/\/drcharah-cp793.wordpresstemporal.com\/drchara. &#13; &#13; Comentaris &#13; &#13; Text suggerit: Quan els visitants deixen comentaris a la web, recopilem les dades que es mostren al formulari de comentaris, aix\u00ed com l&#8217;adre\u00e7a IP del visitant i la cadena d&#8217;agents d&#8217;usuari del navegador per ajudar a [&hellip;]<\/p>\n","protected":false},"author":1,"featured_media":0,"parent":0,"menu_order":0,"comment_status":"closed","ping_status":"open","template":"template-modular.php","meta":{"footnotes":""},"class_list":["post-2763","page","type-page","status-publish","hentry"],"yoast_head":"<!-- This site is optimized with the Yoast SEO plugin v25.8 - https:\/\/yoast.com\/wordpress\/plugins\/seo\/ -->\n<title>Pol\u00edtica de galetes - Dr. Joel Chara<\/title>\n<meta name=\"robots\" content=\"noindex, follow\" \/>\n<meta property=\"og:locale\" content=\"ca_ES\" \/>\n<meta property=\"og:type\" content=\"article\" \/>\n<meta property=\"og:title\" content=\"Pol\u00edtica de galetes - Dr. Joel Chara\" \/>\n<meta property=\"og:description\" content=\"&#013; Qui som &#013; &#013; Text suggerit: L&#8217;adre\u00e7a de la nostra web \u00e9s: https:\/\/drcharah-cp793.wordpresstemporal.com\/drchara. &#013; &#013; Comentaris &#013; &#013; Text suggerit: Quan els visitants deixen comentaris a la web, recopilem les dades que es mostren al formulari de comentaris, aix\u00ed com l&#8217;adre\u00e7a IP del visitant i la cadena d&#8217;agents d&#8217;usuari del navegador per ajudar a [&hellip;]\" \/>\n<meta property=\"og:url\" content=\"https:\/\/characapilar.com\/ca\/politica-de-galetes\/\" \/>\n<meta property=\"og:site_name\" content=\"Dr. Joel Chara\" \/>\n<meta property=\"article:modified_time\" content=\"2025-09-09T12:45:51+00:00\" \/>\n<meta name=\"twitter:card\" content=\"summary_large_image\" \/>\n<meta name=\"twitter:label1\" content=\"Temps estimat de lectura\" \/>\n\t<meta name=\"twitter:data1\" content=\"3 minuts\" \/>\n<script type=\"application\/ld+json\" class=\"yoast-schema-graph\">{\"@context\":\"https:\/\/schema.org\",\"@graph\":[{\"@type\":\"WebPage\",\"@id\":\"https:\/\/characapilar.com\/ca\/politica-de-galetes\/\",\"url\":\"https:\/\/characapilar.com\/ca\/politica-de-galetes\/\",\"name\":\"Pol\u00edtica de galetes - Dr. Joel Chara\",\"isPartOf\":{\"@id\":\"https:\/\/characapilar.com\/ca\/#website\"},\"datePublished\":\"2023-11-24T23:05:28+00:00\",\"dateModified\":\"2025-09-09T12:45:51+00:00\",\"breadcrumb\":{\"@id\":\"https:\/\/characapilar.com\/ca\/politica-de-galetes\/#breadcrumb\"},\"inLanguage\":\"ca\",\"potentialAction\":[{\"@type\":\"ReadAction\",\"target\":[\"https:\/\/characapilar.com\/ca\/politica-de-galetes\/\"]}]},{\"@type\":\"BreadcrumbList\",\"@id\":\"https:\/\/characapilar.com\/ca\/politica-de-galetes\/#breadcrumb\",\"itemListElement\":[{\"@type\":\"ListItem\",\"position\":1,\"name\":\"Home\",\"item\":\"https:\/\/characapilar.com\/ca\/\"},{\"@type\":\"ListItem\",\"position\":2,\"name\":\"Pol\u00edtica de galetes\"}]},{\"@type\":\"WebSite\",\"@id\":\"https:\/\/characapilar.com\/ca\/#website\",\"url\":\"https:\/\/characapilar.com\/ca\/\",\"name\":\"Dr. Joel Chara\",\"description\":\"Injerto capilar en Barcelona\",\"potentialAction\":[{\"@type\":\"SearchAction\",\"target\":{\"@type\":\"EntryPoint\",\"urlTemplate\":\"https:\/\/characapilar.com\/ca\/?s={search_term_string}\"},\"query-input\":{\"@type\":\"PropertyValueSpecification\",\"valueRequired\":true,\"valueName\":\"search_term_string\"}}],\"inLanguage\":\"ca\"}]}<\/script>\n<!-- \/ Yoast SEO plugin. -->","yoast_head_json":{"title":"Pol\u00edtica de galetes - Dr. Joel Chara","robots":{"index":"noindex","follow":"follow"},"og_locale":"ca_ES","og_type":"article","og_title":"Pol\u00edtica de galetes - Dr. Joel Chara","og_description":"&#13; Qui som &#13; &#13; Text suggerit: L&#8217;adre\u00e7a de la nostra web \u00e9s: https:\/\/drcharah-cp793.wordpresstemporal.com\/drchara. &#13; &#13; Comentaris &#13; &#13; Text suggerit: Quan els visitants deixen comentaris a la web, recopilem les dades que es mostren al formulari de comentaris, aix\u00ed com l&#8217;adre\u00e7a IP del visitant i la cadena d&#8217;agents d&#8217;usuari del navegador per ajudar a [&hellip;]","og_url":"https:\/\/characapilar.com\/ca\/politica-de-galetes\/","og_site_name":"Dr. Joel Chara","article_modified_time":"2025-09-09T12:45:51+00:00","twitter_card":"summary_large_image","twitter_misc":{"Temps estimat de lectura":"3 minuts"},"schema":{"@context":"https:\/\/schema.org","@graph":[{"@type":"WebPage","@id":"https:\/\/characapilar.com\/ca\/politica-de-galetes\/","url":"https:\/\/characapilar.com\/ca\/politica-de-galetes\/","name":"Pol\u00edtica de galetes - Dr. Joel Chara","isPartOf":{"@id":"https:\/\/characapilar.com\/ca\/#website"},"datePublished":"2023-11-24T23:05:28+00:00","dateModified":"2025-09-09T12:45:51+00:00","breadcrumb":{"@id":"https:\/\/characapilar.com\/ca\/politica-de-galetes\/#breadcrumb"},"inLanguage":"ca","potentialAction":[{"@type":"ReadAction","target":["https:\/\/characapilar.com\/ca\/politica-de-galetes\/"]}]},{"@type":"BreadcrumbList","@id":"https:\/\/characapilar.com\/ca\/politica-de-galetes\/#breadcrumb","itemListElement":[{"@type":"ListItem","position":1,"name":"Home","item":"https:\/\/characapilar.com\/ca\/"},{"@type":"ListItem","position":2,"name":"Pol\u00edtica de galetes"}]},{"@type":"WebSite","@id":"https:\/\/characapilar.com\/ca\/#website","url":"https:\/\/characapilar.com\/ca\/","name":"Dr. Joel Chara","description":"Injerto capilar en Barcelona","potentialAction":[{"@type":"SearchAction","target":{"@type":"EntryPoint","urlTemplate":"https:\/\/characapilar.com\/ca\/?s={search_term_string}"},"query-input":{"@type":"PropertyValueSpecification","valueRequired":true,"valueName":"search_term_string"}}],"inLanguage":"ca"}]}},"_links":{"self":[{"href":"https:\/\/characapilar.com\/ca\/wp-json\/wp\/v2\/pages\/2763","targetHints":{"allow":["GET"]}}],"collection":[{"href":"https:\/\/characapilar.com\/ca\/wp-json\/wp\/v2\/pages"}],"about":[{"href":"https:\/\/characapilar.com\/ca\/wp-json\/wp\/v2\/types\/page"}],"author":[{"embeddable":true,"href":"https:\/\/characapilar.com\/ca\/wp-json\/wp\/v2\/users\/1"}],"replies":[{"embeddable":true,"href":"https:\/\/characapilar.com\/ca\/wp-json\/wp\/v2\/comments?post=2763"}],"version-history":[{"count":1,"href":"https:\/\/characapilar.com\/ca\/wp-json\/wp\/v2\/pages\/2763\/revisions"}],"predecessor-version":[{"id":2764,"href":"https:\/\/characapilar.com\/ca\/wp-json\/wp\/v2\/pages\/2763\/revisions\/2764"}],"wp:attachment":[{"href":"https:\/\/characapilar.com\/ca\/wp-json\/wp\/v2\/media?parent=2763"}],"curies":[{"name":"wp","href":"https:\/\/api.w.org\/{rel}","templated":true}]}}

Política de galetes

&#13;
<h2 class="wp-block-heading">Qui som</h2>&#13;
&#13;
<p><strong class="privacy-policy-tutorial">Text suggerit: </strong>L&#8217;adreça de la nostra web és: https://drcharah-cp793.wordpresstemporal.com/drchara.</p>&#13;
&#13;
<h2 class="wp-block-heading">Comentaris</h2>&#13;
&#13;
<p><strong class="privacy-policy-tutorial">Text suggerit: </strong>Quan els visitants deixen comentaris a la web, recopilem les dades que es mostren al formulari de comentaris, així com l&#8217;adreça IP del visitant i la cadena d&#8217;agents d&#8217;usuari del navegador per ajudar a la detecció d&#8217;spam.</p>&#13;
&#13;
<p>Una cadena anònima creada a partir de la teva adreça de correu electrònic (també anomenada hash) pot ser proporcionada al servei de Gravatar per veure si l&#8217;estàs usant. La política de privadesa del servei Gravatar està disponible aquí: https://automattic.com/privacy/. Després de l&#8217;aprovació del teu comentari, la imatge del teu perfil és visible per al públic en el context del teu comentari.</p>&#13;
&#13;
<h2 class="wp-block-heading">Mitjans</h2>&#13;
&#13;
<p><strong class="privacy-policy-tutorial">Text suggerit: </strong>Si puges imatges a la web, hauries d&#8217;evitar pujar imatges amb dades d&#8217;ubicació (GPS EXIF) incloses. Els visitants de la web poden descarregar i extreure qualsevol dada d&#8217;ubicació de les imatges de la web.</p>&#13;
&#13;
<h2 class="wp-block-heading">Cookies</h2>&#13;
&#13;
<p><strong class="privacy-policy-tutorial">Text suggerit: </strong>Si deixes un comentari al nostre lloc pots triar desar el teu nom, adreça de correu electrònic i web a cookies. Això és per a la teva comoditat, perquè no hagis de tornar a emplenar les teves dades quan deixis un altre comentari. Aquestes galetes tindran una durada d&#8217;un any.</p>&#13;
&#13;
<p>Si tens un compte i et connectes a aquest lloc, instal·larem una galeta temporal per determinar si el teu navegador accepta cookies. Aquesta galeta no conté dades personals i s\&#8217;elimina en tancar el navegador.</p>&#13;
&#13;
<p>Quan hi accedeixis, també instal·larem diverses galetes per guardar la teva informació d&#8217;accés i les teves opcions de visualització de pantalla. Les galetes d&#8217;accés duren dos dies, i les galetes d&#8217;opcions de pantalla duren un any. Si selecciones &#8220;Recordar-me&#8221;, el teu accés perdurarà durant dues setmanes. Si surts del teu compte, les galetes d&#8217;accés s&#8217;eliminaran.</p>&#13;
&#13;
<p>Si edites o publiques un article es guardarà una galeta addicional al teu navegador. Aquesta galeta no inclou dades personals i simplement indica l&#8217;ID de l&#8217;article que acabeu d&#8217;editar. Caduca després d&#8217;un dia.</p>&#13;
&#13;
<h2 class="wp-block-heading">Contingut incrustat d&#8217;altres llocs web</h2>&#13;
&#13;
<p><strong class="privacy-policy-tutorial">Text suggerit: </strong>Els articles d&#8217;aquest lloc poden incloure contingut incrustat (per exemple, vídeos, imatges, articles, etc.). El contingut incrustat d&#8217;altres webs es comporta exactament de la mateixa manera que si el visitant hagués visitat l&#8217;altra web.</p>&#13;
&#13;
<p>Aquestes web poden recopilar dades sobre tu, utilitzar cookies, incrustar un seguiment addicional de tercers, i supervisar la teva interacció amb aquest contingut incrustat, inclòs el seguiment de la teva interacció amb el contingut incrustat si tens un compte i estàs connectat a aquest web.</p>&#13;
&#13;
<h2 class="wp-block-heading">Amb qui compartim les teves dades</h2>&#13;
&#13;
<p><strong class="privacy-policy-tutorial">Text suggerit: </strong>Si sol·liciteu un restabliment de contrasenya, la vostra adreça IP s&#8217;inclourà al correu electrònic de restabliment.</p>&#13;
&#13;
<h2 class="wp-block-heading">Quant de temps conservem les teves dades</h2>&#13;
&#13;
<p><strong class="privacy-policy-tutorial">Text suggerit: </strong>Si deixes un comentari, el comentari i les seves metadades es conserven indefinidament. Això és perquè puguem reconèixer i aprovar comentaris successius automàticament, en lloc de mantenir-los en una cua de moderació.</p>&#13;
&#13;
<p>Dels usuaris que es registren a la nostra web (si n&#8217;hi ha), també emmagatzemem la informació personal que proporcionen al seu perfil d&#8217;usuari. Tots els usuaris poden veure, editar o eliminar la vostra informació personal en qualsevol moment (excepte que no poden canviar el vostre nom d&#8217;usuari). Els administradors de la web també poden veure i editar aquesta informació.</p>&#13;
&#13;
<h2 class="wp-block-heading">Quins drets tens sobre les teves dades</h2>&#13;
&#13;
<p><strong class="privacy-policy-tutorial">Text suggerit: </strong>Si tens un compte o has deixat comentaris en aquesta web, pots sol·licitar rebre un fitxer d&#8217;exportació de les dades personals que tenim sobre tu, incloent-hi qualsevol dada que ens hagis proporcionat. També pots sol·licitar que eliminem qualsevol dada personal que tinguem sobre tu. Això no inclou cap dada que estiguem obligats a conservar amb fins administratius, legals o de seguretat.</p>&#13;
&#13;
<h2 class="wp-block-heading">On s&#8217;envien les teves dades</h2>&#13;
&#13;
<p><strong class="privacy-policy-tutorial">Text suggerit: </strong>Els comentaris dels visitants poden ser revisats per un servei de detecció automàtica d&#8217;spam.</p>&#13;

<p>&#13; Qui som &#13; &#13; Text suggerit: L&#8217;adreça de la nostra web és: https://drcharah-cp793.wordpresstemporal.com/drchara. &#13; &#13; Comentaris &#13; &#13; Text suggerit: Quan els visitants deixen comentaris a la web, recopilem les dades que es mostren al formulari de comentaris, així com l&#8217;adreça IP del visitant i la cadena d&#8217;agents d&#8217;usuari del navegador per ajudar a [&hellip;]</p>

<!-- This site is optimized with the Yoast SEO plugin v25.8 - https://yoast.com/wordpress/plugins/seo/ -->
<title>Política de galetes - Dr. Joel Chara</title>
<meta name="robots" content="noindex, follow" />
<meta property="og:locale" content="ca_ES" />
<meta property="og:type" content="article" />
<meta property="og:title" content="Política de galetes - Dr. Joel Chara" />
<meta property="og:description" content="&#013; Qui som &#013; &#013; Text suggerit: L&#8217;adreça de la nostra web és: https://drcharah-cp793.wordpresstemporal.com/drchara. &#013; &#013; Comentaris &#013; &#013; Text suggerit: Quan els visitants deixen comentaris a la web, recopilem les dades que es mostren al formulari de comentaris, així com l&#8217;adreça IP del visitant i la cadena d&#8217;agents d&#8217;usuari del navegador per ajudar a [&hellip;]" />
<meta property="og:url" content="https://characapilar.com/ca/politica-de-galetes/" />
<meta property="og:site_name" content="Dr. Joel Chara" />
<meta property="article:modified_time" content="2025-09-09T12:45:51+00:00" />
<meta name="twitter:card" content="summary_large_image" />
<meta name="twitter:label1" content="Temps estimat de lectura" />
	<meta name="twitter:data1" content="3 minuts" />
<script type="application/ld+json" class="yoast-schema-graph">{"@context":"https://schema.org","@graph":[{"@type":"WebPage","@id":"https://characapilar.com/ca/politica-de-galetes/","url":"https://characapilar.com/ca/politica-de-galetes/","name":"Política de galetes - Dr. Joel Chara","isPartOf":{"@id":"https://characapilar.com/ca/#website"},"datePublished":"2023-11-24T23:05:28+00:00","dateModified":"2025-09-09T12:45:51+00:00","breadcrumb":{"@id":"https://characapilar.com/ca/politica-de-galetes/#breadcrumb"},"inLanguage":"ca","potentialAction":[{"@type":"ReadAction","target":["https://characapilar.com/ca/politica-de-galetes/"]}]},{"@type":"BreadcrumbList","@id":"https://characapilar.com/ca/politica-de-galetes/#breadcrumb","itemListElement":[{"@type":"ListItem","position":1,"name":"Home","item":"https://characapilar.com/ca/"},{"@type":"ListItem","position":2,"name":"Política de galetes"}]},{"@type":"WebSite","@id":"https://characapilar.com/ca/#website","url":"https://characapilar.com/ca/","name":"Dr. Joel Chara","description":"Injerto capilar en Barcelona","potentialAction":[{"@type":"SearchAction","target":{"@type":"EntryPoint","urlTemplate":"https://characapilar.com/ca/?s={search_term_string}"},"query-input":{"@type":"PropertyValueSpecification","valueRequired":true,"valueName":"search_term_string"}}],"inLanguage":"ca"}]}</script>
<!-- / Yoast SEO plugin. -->

Política de galetes - Dr. Joel Chara

&#13; Qui som &#13; &#13; Text suggerit: L&#8217;adreça de la nostra web és: https://drcharah-cp793.wordpresstemporal.com/drchara. &#13; &#13; Comentaris &#13; &#13; Text suggerit: Quan els visitants deixen comentaris a la web, recopilem les dades que es mostren al formulari de comentaris, així com l&#8217;adreça IP del visitant i la cadena d&#8217;agents d&#8217;usuari del navegador per ajudar a [&hellip;]
